{"id":1397,"date":"2020-08-13T19:53:39","date_gmt":"2020-08-13T17:53:39","guid":{"rendered":"https:\/\/www.joerg-neidig.de\/wordpress\/?page_id=1397"},"modified":"2023-01-14T13:38:25","modified_gmt":"2023-01-14T12:38:25","slug":"privacy-policy","status":"publish","type":"page","link":"https:\/\/www.joerg-neidig.de\/wordpress\/?page_id=1397","title":{"rendered":"Datenschutzerkl\u00e4rung (Privacy Policy)"},"content":{"rendered":"\n<h2 class=\"wp-block-heading\">Allgemeines zur Datenverarbeitung<\/h2>\n\n\n\n<h2 class=\"wp-block-heading\">Umfang der Verarbeitung personenbezogener Daten<\/h2>\n\n\n\n<p>Wir verarbeiten personenbezogene Daten unserer Nutzer grunds\u00e4tzlich nur, soweit dies zur Bereitstellung einer funktionsf\u00e4higen Website sowie unserer Inhalte und Leistungen erforderlich ist. Die Verarbeitung personenbezogener Daten unserer Nutzer erfolgt regelm\u00e4\u00dfig nur nach Einwilligung des Nutzers. Eine Ausnahme gilt in solchen F\u00e4llen, in denen eine vorherige Einholung einer Einwilligung aus tats\u00e4chlichen Gr\u00fcnden nicht m\u00f6glich ist und die Verarbeitung der Daten durch gesetzliche Vorschriften gestattet ist.<\/p>\n\n\n\n<h2 class=\"wp-block-heading\">Rechtsgrundlage<\/h2>\n\n\n\n<p>Art. 6 Abs. 1 EU-Datenschutzgrundverordnung (DSGVO)<\/p>\n\n\n\n<h2 class=\"wp-block-heading\">Datenl\u00f6schung und Speicherdauer<\/h2>\n\n\n\n<p>Die personenbezogenen Daten der betroffenen Person werden gel\u00f6scht oder gesperrt, sobald der Zweck der Speicherung entf\u00e4llt. Eine Speicherung kann dar\u00fcber hinaus erfolgen, wenn dies durch den europ\u00e4ischen oder nationalen Gesetzgeber in unionsrechtlichen Verordnungen, Gesetzen oder sonstigen Vorschriften, denen der Verantwortliche unterliegt, vorgesehen wurde. Eine Sperrung oder L\u00f6schung der Daten erfolgt auch dann, wenn eine durch die genannten Normen vorgeschriebene Speicherfrist abl\u00e4uft, es sei denn, dass eine Erforderlichkeit zur weiteren Speicherung der Daten f\u00fcr einen Vertragsabschluss oder eine Vertragserf\u00fcllung besteht.<\/p>\n\n\n\n<h2 class=\"wp-block-heading\">Verarbeitung besonderer Kategorien von Daten (Art. 9 Abs. 1 DSGVO)<\/h2>\n\n\n\n<p>Es werden keine besonderen Kategorien von Daten verarbeitet, es sei denn sie werden von den Kunden in eigener Verantwortung verarbeitet.<\/p>\n\n\n\n<h2 class=\"wp-block-heading\">Website: Bereitstellung und Logfiles<\/h2>\n\n\n\n<h2 class=\"wp-block-heading\">Beschreibung und Umfang der Datenverarbeitung<\/h2>\n\n\n\n<p>Bei jedem Aufruf unserer Internetseite erfasst das System automatisiert Daten und Informationen vom System des aufrufenden Rechners. Folgende Daten werden hierbei erhoben: 1. Informationen \u00fcber den Browsertyp und -version 2. Betriebssystem des Nutzers 3. IP-Adresse des Nutzers 4. Datum und Uhrzeit des Zugriffs 5. Websites, von denen das System des Nutzers auf unsere Internetseite gelangt 6. Websites, die vom System des Nutzers \u00fcber unsere Website aufgerufen werden Die Daten werden in den Logfiles unseres Systems gespeichert. Eine Speicherung dieser Daten zusammen mit anderen personenbezogenen Daten des Nutzers findet nicht statt.<br \/>Personenbezogene Daten des Blogs (https:\/\/www.joerg-neidig.de\/wordpress):<br \/>Wenn Besucher Kommentare auf der Website schreiben, werden die Daten, die im Kommentar-Formular angezeigt werden gesammelt, au\u00dferdem die IP-Adresse des Besuchers und den User-Agent-String (damit wird der Browser identifiziert), um die Erkennung von Spam zu unterst\u00fctzen.<br \/>Aus der E-Mail-Adresse des Besuchers kann eine anonymisierte Zeichenfolge erstellt (auch Hash genannt) und dem Gravatar-Dienst \u00fcbergeben werden, um zu pr\u00fcfen, ob du diesen benutzt. Die Datenschutzerkl\u00e4rung des Gravatar-Dienstes ist hier zu finden: https:\/\/automattic.com\/privacy\/. Nach der Freigabe des Kommentars, ist das Profilbild \u00f6ffentlich im Kontext des Kommentars sichtbar.<br \/>Registrierte Benutzer sollten beim Hochladen von Fotos auf diese Website vermeiden, Fotos mit EXIF-Informationen hochzuladen (z.B. EXIF-GPS-Standort). Besucher dieser Website k\u00f6nnten Fotos, die auf dieser Website gespeichert sind, herunterladen und diese Informationen auslesen.<\/p>\n\n\n\n<h2 class=\"wp-block-heading\">Rechtsgrundlage f\u00fcr die Datenverarbeitung<\/h2>\n\n\n\n<p>Rechtsgrundlage f\u00fcr die vor\u00fcbergehende Speicherung der Daten und der Logfiles ist Art. 6 Abs. 1 Buchstabe e DSGVO.<\/p>\n\n\n\n<h2 class=\"wp-block-heading\">Zweck der Datenverarbeitung<\/h2>\n\n\n\n<p>Die vor\u00fcbergehende Speicherung der IP-Adresse durch das System ist notwendig, um eine Auslieferung der Website an den Rechner des Nutzers zu erm\u00f6glichen. Zudem dienen uns die Daten zur Optimierung der Website und zur Sicherstellung der Sicherheit unserer informationstechnischen Systeme. Eine Auswertung der Daten zu Marketingzwecken findet nicht statt.<\/p>\n\n\n\n<h2 class=\"wp-block-heading\">Dauer der Speicherung<\/h2>\n\n\n\n<p>Die Daten in den Logfiles werden sofort anonymisiert. Sie werden gel\u00f6scht, sobald sie f\u00fcr die Erreichung des Zweckes ihrer Erhebung nicht mehr erforderlich sind. Dies ist sp\u00e4testens nach 28 Tagen der Fall.<br \/>Im Blog werden die Kommentare inklusive Metadaten zeitlich unbegrenzt gespeichert. Auf diese Art k\u00f6nnen wir Folgekommentare automatisch erkennen und freigeben, anstatt sie in einer Moderations-Warteschlange festzuhalten. F\u00fcr Benutzer, die sich auf unserer Website registrieren, speichern wir zus\u00e4tzlich die pers\u00f6nlichen Informationen, die sie in ihren Benutzerprofilen angeben. Alle Benutzer k\u00f6nnen jederzeit ihre pers\u00f6nlichen Informationen einsehen, ver\u00e4ndern oder l\u00f6schen (der Benutzername kann nicht ver\u00e4ndert werden). Administratoren der Website k\u00f6nnen diese Informationen ebenfalls einsehen und ver\u00e4ndern. Wenn du eine Zur\u00fccksetzung des Passworts beantragst, wird deine IP-Adresse in der E-Mail zur Zur\u00fccksetzung enthalten sein.<\/p>\n\n\n\n<h2 class=\"wp-block-heading\">Widerspruchs- und Beseitigungsm\u00f6glichkeit<\/h2>\n\n\n\n<p>Die Erfassung der Daten zur Bereitstellung der Website und die Speicherung der Daten in Logfiles ist f\u00fcr den Betrieb der Internetsite zwingend erforderlich. Es besteht folglich seitens des Nutzers keine Widerspruchsm\u00f6glichkeit. Registrierte Benutzer des Blogs k\u00f6nnen ihre Daten selbst einsehen, ver\u00e4ndern oder l\u00f6schen (der Benutzername kann nicht ver\u00e4ndert werden). Autoren von Beitr\u00e4gen und Kommentaren k\u00f6nnen die L\u00f6schung dieser Beitr\u00e4ge oder Kommentare inklusive der Metadaten beantragen. Dies umfasst nicht die Daten, die wir aufgrund administrativer, rechtlicher oder sicherheitsrelevanter Notwendigkeiten aufbewahren m\u00fcssen.<\/p>\n\n\n\n<h2 class=\"wp-block-heading\">Cookies und Webanalysetools<\/h2>\n\n\n\n<p>Wenn du einen Kommentar auf unserer Website schreibst, kann das eine Einwilligung sein, deinen Namen, E-Mail-Adresse und Website in Cookies zu speichern. Dies ist eine Komfortfunktion, damit du nicht, wenn du einen weiteren Kommentar schreibst, all diese Daten erneut eingeben musst. Diese Cookies werden ein Jahr lang gespeichert. Falls du ein Konto hast und dich auf dieser Website anmeldest, werden wir ein tempor\u00e4res Cookie setzen, um festzustellen, ob dein Browser Cookies akzeptiert. Dieses Cookie enth\u00e4lt keine personenbezogenen Daten und wird verworfen, wenn du deinen Browser schlie\u00dft. Wenn du dich anmeldest, werden wir einige Cookies einrichten, um deine Anmeldeinformationen und Anzeigeoptionen zu speichern. Anmelde-Cookies verfallen nach zwei Tagen und Cookies f\u00fcr die Anzeigeoptionen nach einem Jahr. Falls du bei der Anmeldung \u201eAngemeldet bleiben\u201c ausw\u00e4hlst, wird deine Anmeldung zwei Wochen lang aufrechterhalten. Mit der Abmeldung aus deinem Konto werden die Anmelde-Cookies gel\u00f6scht. Wenn du einen Artikel bearbeitest oder ver\u00f6ffentlichst, wird ein zus\u00e4tzlicher Cookie in deinem Browser gespeichert. Dieser Cookie enth\u00e4lt keine personenbezogenen Daten und verweist nur auf die Beitrags-ID des Artikels, den du gerade bearbeitet hast. Der Cookie verf\u00e4llt nach einem Tag.<br \/>Eingebettete Inhalte von anderen Websites: Beitr\u00e4ge auf dieser Website k\u00f6nnen eingebettete Inhalte beinhalten (z. B. Videos, Bilder, Beitr\u00e4ge etc.). Eingebettete Inhalte von anderen Websites verhalten sich exakt so, als ob der Besucher die andere Website besucht h\u00e4tte. Diese Websites k\u00f6nnen Daten \u00fcber dich sammeln, Cookies benutzen, zus\u00e4tzliche Tracking-Dienste von Dritten einbetten und deine Interaktion mit diesem eingebetteten Inhalt aufzeichnen, inklusive deiner Interaktion mit dem eingebetteten Inhalt, falls du ein Konto hast und auf dieser Website angemeldet bist.<br \/>Analysedienste und mit wem wir deine Daten teilen: Diese Webseite nutzt den Akismet Anti-Spam Service. Dieser Service sammelt und analysiert die IP-Adresse des Benutzers, den User Agent, Referrer und Website-URL (sowie die Informationen, die der Benutzer direkt eingegeben hat wie z.B. Namen, Benutzernamen, E-Mail-Adresse und den Kommentar selbst). Diese Webseite nutzt den Jetpack Service von Automaticc (https:\/\/automattic.com\/privacy\/). Dieser Service sammelt und analysiert folgende personenbezogene Daten:<br \/>-Benutzer-IDs, Benutzernamen, E-Mail-Adresse, Benutzerrollen und -rechte von registrierten Nutzern. Erfolgreiche und nicht erfolgreiche Versuche eines Logins (IP-Adresse und user agent derjenigen, die den Login-Versuch durchf\u00fchren).<br \/>-Benutzer-IDs von jedem Anwender, der \u00c4nderungen an dieser Webseite durchf\u00fchrt inklusive des Zeitstempels der \u00c4nderung. Details k\u00f6nnen unter Privacy Policy \u2013 Automattic eingesehen werden.<br \/>Diese Webseite nutzt das WP Google Maps Plugin. Dieses Plugin speichert keinerlei personenbezogene Daten von Besuchern der Webseite. Marker, die Besucher auf der Karte freiwillig angelegt haben, k\u00f6nnen von diesen jederzeit wieder gel\u00f6scht werden. Details k\u00f6nnen unter Privacy Policy | WP Google Maps (wpgmaps.com) (https:\/\/www.wpgmaps.com\/privacy-policy\/) eingesehen werden.<\/p>\n\n\n\n<h2 class=\"wp-block-heading\">E-Mail-Kontakt<\/h2>\n\n\n\n<p>Bei der Kontaktaufnahme mit uns per E-Mail werden die von Ihnen mitgeteilten Daten (Email-Adresse, weitere von Ihnen gemachte Angaben) von uns verarbeitet und gespeichert, um ihre Fragen zu beantworten.<\/p>\n\n\n\n<h2 class=\"wp-block-heading\">Rechte der betroffenen Person<\/h2>\n\n\n\n<p>Werden personenbezogene Daten von Ihnen verarbeitet, sind Sie Betroffener i.S.d. DSGVO und es stehen Ihnen folgende Rechte gegen\u00fcber dem Verantwortlichen zu: Sie k\u00f6nnen eine Best\u00e4tigung dar\u00fcber verlangen, ob personenbezogene Daten, die Sie betreffen, verarbeitet werden. Falls eine solche Verarbeitung vorliegt, k\u00f6nnen Sie Auskunft \u00fcber den Zweck, die Daten, die Herkunft der Daten, Empf\u00e4nger von Daten (inkl. internationaler Weitergaben) sowie Dauer der Speicherung erhalten. Sie haben ein Recht auf Berichtigung der Daten, falls diese unrichtig oder unvollst\u00e4ndig sind. Unter verschiedenen Voraussetzungen haben Sie das Recht die Daten l\u00f6schen zu lassen oder die Verarbeitung einzuschr\u00e4nken. Insbesondere Daten, die Sie freiwillig angegeben haben, m\u00fcssen gel\u00f6scht werden, wenn Sie ihre Einwilligung zur\u00fcckziehen. Falls Daten weitergegeben wurden bezieht sich die L\u00f6schung auch auf die Empf\u00e4nger von Daten und wir werden Ihnen die Empf\u00e4nger Ihrer Daten mitteilen.<\/p>\n\n\n\n<h2 class=\"wp-block-heading\">Inhaltliche Verantwortlichkeit<\/h2>\n\n\n\n<p>Dr. J\u00f6rg Neidig<br \/>Lindenaststr. 15<br \/>90409 N\u00fcrnberg<br \/>mail@joerg-neidig.de<\/p>\n","protected":false},"excerpt":{"rendered":"<p>Allgemeines zur Datenverarbeitung Umfang der Verarbeitung personenbezogener Daten Wir verarbeiten personenbezogene Daten unserer Nutzer grunds\u00e4tzlich nur, soweit dies zur Bereitstellung einer funktionsf\u00e4higen Website sowie unserer Inhalte und Leistungen erforderlich ist. Die Verarbeitung personenbezogener Daten unserer Nutzer erfolgt regelm\u00e4\u00dfig nur nach Einwilligung des Nutzers. Eine Ausnahme gilt in solchen F\u00e4llen, in denen eine vorherige Einholung einer &hellip; <\/p>\n<p class=\"link-more\"><a href=\"https:\/\/www.joerg-neidig.de\/wordpress\/?page_id=1397\" class=\"more-link\"><span class=\"screen-reader-text\">\u201eDatenschutzerkl\u00e4rung (Privacy Policy)\u201c <\/span>weiterlesen<\/a><\/p>\n","protected":false},"author":1,"featured_media":0,"parent":0,"menu_order":0,"comment_status":"closed","ping_status":"closed","template":"","meta":{"jetpack_post_was_ever_published":false,"footnotes":""},"class_list":["post-1397","page","type-page","status-publish","hentry"],"jetpack_shortlink":"https:\/\/wp.me\/P7dzRm-mx","jetpack_sharing_enabled":true,"_links":{"self":[{"href":"https:\/\/www.joerg-neidig.de\/wordpress\/index.php?rest_route=\/wp\/v2\/pages\/1397","targetHints":{"allow":["GET"]}}],"collection":[{"href":"https:\/\/www.joerg-neidig.de\/wordpress\/index.php?rest_route=\/wp\/v2\/pages"}],"about":[{"href":"https:\/\/www.joerg-neidig.de\/wordpress\/index.php?rest_route=\/wp\/v2\/types\/page"}],"author":[{"embeddable":true,"href":"https:\/\/www.joerg-neidig.de\/wordpress\/index.php?rest_route=\/wp\/v2\/users\/1"}],"replies":[{"embeddable":true,"href":"https:\/\/www.joerg-neidig.de\/wordpress\/index.php?rest_route=%2Fwp%2Fv2%2Fcomments&post=1397"}],"version-history":[{"count":8,"href":"https:\/\/www.joerg-neidig.de\/wordpress\/index.php?rest_route=\/wp\/v2\/pages\/1397\/revisions"}],"predecessor-version":[{"id":1478,"href":"https:\/\/www.joerg-neidig.de\/wordpress\/index.php?rest_route=\/wp\/v2\/pages\/1397\/revisions\/1478"}],"wp:attachment":[{"href":"https:\/\/www.joerg-neidig.de\/wordpress\/index.php?rest_route=%2Fwp%2Fv2%2Fmedia&parent=1397"}],"curies":[{"name":"wp","href":"https:\/\/api.w.org\/{rel}","templated":true}]}}

Datenschutzerklärung (Privacy Policy)

<h2 class="wp-block-heading">Allgemeines zur Datenverarbeitung</h2>



<h2 class="wp-block-heading">Umfang der Verarbeitung personenbezogener Daten</h2>



<p>Wir verarbeiten personenbezogene Daten unserer Nutzer grundsätzlich nur, soweit dies zur Bereitstellung einer funktionsfähigen Website sowie unserer Inhalte und Leistungen erforderlich ist. Die Verarbeitung personenbezogener Daten unserer Nutzer erfolgt regelmäßig nur nach Einwilligung des Nutzers. Eine Ausnahme gilt in solchen Fällen, in denen eine vorherige Einholung einer Einwilligung aus tatsächlichen Gründen nicht möglich ist und die Verarbeitung der Daten durch gesetzliche Vorschriften gestattet ist.</p>



<h2 class="wp-block-heading">Rechtsgrundlage</h2>



<p>Art. 6 Abs. 1 EU-Datenschutzgrundverordnung (DSGVO)</p>



<h2 class="wp-block-heading">Datenlöschung und Speicherdauer</h2>



<p>Die personenbezogenen Daten der betroffenen Person werden gelöscht oder gesperrt, sobald der Zweck der Speicherung entfällt. Eine Speicherung kann darüber hinaus erfolgen, wenn dies durch den europäischen oder nationalen Gesetzgeber in unionsrechtlichen Verordnungen, Gesetzen oder sonstigen Vorschriften, denen der Verantwortliche unterliegt, vorgesehen wurde. Eine Sperrung oder Löschung der Daten erfolgt auch dann, wenn eine durch die genannten Normen vorgeschriebene Speicherfrist abläuft, es sei denn, dass eine Erforderlichkeit zur weiteren Speicherung der Daten für einen Vertragsabschluss oder eine Vertragserfüllung besteht.</p>



<h2 class="wp-block-heading">Verarbeitung besonderer Kategorien von Daten (Art. 9 Abs. 1 DSGVO)</h2>



<p>Es werden keine besonderen Kategorien von Daten verarbeitet, es sei denn sie werden von den Kunden in eigener Verantwortung verarbeitet.</p>



<h2 class="wp-block-heading">Website: Bereitstellung und Logfiles</h2>



<h2 class="wp-block-heading">Beschreibung und Umfang der Datenverarbeitung</h2>



<p>Bei jedem Aufruf unserer Internetseite erfasst das System automatisiert Daten und Informationen vom System des aufrufenden Rechners. Folgende Daten werden hierbei erhoben: 1. Informationen über den Browsertyp und -version 2. Betriebssystem des Nutzers 3. IP-Adresse des Nutzers 4. Datum und Uhrzeit des Zugriffs 5. Websites, von denen das System des Nutzers auf unsere Internetseite gelangt 6. Websites, die vom System des Nutzers über unsere Website aufgerufen werden Die Daten werden in den Logfiles unseres Systems gespeichert. Eine Speicherung dieser Daten zusammen mit anderen personenbezogenen Daten des Nutzers findet nicht statt.<br />Personenbezogene Daten des Blogs (https://www.joerg-neidig.de/wordpress):<br />Wenn Besucher Kommentare auf der Website schreiben, werden die Daten, die im Kommentar-Formular angezeigt werden gesammelt, außerdem die IP-Adresse des Besuchers und den User-Agent-String (damit wird der Browser identifiziert), um die Erkennung von Spam zu unterstützen.<br />Aus der E-Mail-Adresse des Besuchers kann eine anonymisierte Zeichenfolge erstellt (auch Hash genannt) und dem Gravatar-Dienst übergeben werden, um zu prüfen, ob du diesen benutzt. Die Datenschutzerklärung des Gravatar-Dienstes ist hier zu finden: https://automattic.com/privacy/. Nach der Freigabe des Kommentars, ist das Profilbild öffentlich im Kontext des Kommentars sichtbar.<br />Registrierte Benutzer sollten beim Hochladen von Fotos auf diese Website vermeiden, Fotos mit EXIF-Informationen hochzuladen (z.B. EXIF-GPS-Standort). Besucher dieser Website könnten Fotos, die auf dieser Website gespeichert sind, herunterladen und diese Informationen auslesen.</p>



<h2 class="wp-block-heading">Rechtsgrundlage für die Datenverarbeitung</h2>



<p>Rechtsgrundlage für die vorübergehende Speicherung der Daten und der Logfiles ist Art. 6 Abs. 1 Buchstabe e DSGVO.</p>



<h2 class="wp-block-heading">Zweck der Datenverarbeitung</h2>



<p>Die vorübergehende Speicherung der IP-Adresse durch das System ist notwendig, um eine Auslieferung der Website an den Rechner des Nutzers zu ermöglichen. Zudem dienen uns die Daten zur Optimierung der Website und zur Sicherstellung der Sicherheit unserer informationstechnischen Systeme. Eine Auswertung der Daten zu Marketingzwecken findet nicht statt.</p>



<h2 class="wp-block-heading">Dauer der Speicherung</h2>



<p>Die Daten in den Logfiles werden sofort anonymisiert. Sie werden gelöscht, sobald sie für die Erreichung des Zweckes ihrer Erhebung nicht mehr erforderlich sind. Dies ist spätestens nach 28 Tagen der Fall.<br />Im Blog werden die Kommentare inklusive Metadaten zeitlich unbegrenzt gespeichert. Auf diese Art können wir Folgekommentare automatisch erkennen und freigeben, anstatt sie in einer Moderations-Warteschlange festzuhalten. Für Benutzer, die sich auf unserer Website registrieren, speichern wir zusätzlich die persönlichen Informationen, die sie in ihren Benutzerprofilen angeben. Alle Benutzer können jederzeit ihre persönlichen Informationen einsehen, verändern oder löschen (der Benutzername kann nicht verändert werden). Administratoren der Website können diese Informationen ebenfalls einsehen und verändern. Wenn du eine Zurücksetzung des Passworts beantragst, wird deine IP-Adresse in der E-Mail zur Zurücksetzung enthalten sein.</p>



<h2 class="wp-block-heading">Widerspruchs- und Beseitigungsmöglichkeit</h2>



<p>Die Erfassung der Daten zur Bereitstellung der Website und die Speicherung der Daten in Logfiles ist für den Betrieb der Internetsite zwingend erforderlich. Es besteht folglich seitens des Nutzers keine Widerspruchsmöglichkeit. Registrierte Benutzer des Blogs können ihre Daten selbst einsehen, verändern oder löschen (der Benutzername kann nicht verändert werden). Autoren von Beiträgen und Kommentaren können die Löschung dieser Beiträge oder Kommentare inklusive der Metadaten beantragen. Dies umfasst nicht die Daten, die wir aufgrund administrativer, rechtlicher oder sicherheitsrelevanter Notwendigkeiten aufbewahren müssen.</p>



<h2 class="wp-block-heading">Cookies und Webanalysetools</h2>



<p>Wenn du einen Kommentar auf unserer Website schreibst, kann das eine Einwilligung sein, deinen Namen, E-Mail-Adresse und Website in Cookies zu speichern. Dies ist eine Komfortfunktion, damit du nicht, wenn du einen weiteren Kommentar schreibst, all diese Daten erneut eingeben musst. Diese Cookies werden ein Jahr lang gespeichert. Falls du ein Konto hast und dich auf dieser Website anmeldest, werden wir ein temporäres Cookie setzen, um festzustellen, ob dein Browser Cookies akzeptiert. Dieses Cookie enthält keine personenbezogenen Daten und wird verworfen, wenn du deinen Browser schließt. Wenn du dich anmeldest, werden wir einige Cookies einrichten, um deine Anmeldeinformationen und Anzeigeoptionen zu speichern. Anmelde-Cookies verfallen nach zwei Tagen und Cookies für die Anzeigeoptionen nach einem Jahr. Falls du bei der Anmeldung „Angemeldet bleiben“ auswählst, wird deine Anmeldung zwei Wochen lang aufrechterhalten. Mit der Abmeldung aus deinem Konto werden die Anmelde-Cookies gelöscht. Wenn du einen Artikel bearbeitest oder veröffentlichst, wird ein zusätzlicher Cookie in deinem Browser gespeichert. Dieser Cookie enthält keine personenbezogenen Daten und verweist nur auf die Beitrags-ID des Artikels, den du gerade bearbeitet hast. Der Cookie verfällt nach einem Tag.<br />Eingebettete Inhalte von anderen Websites: Beiträge auf dieser Website können eingebettete Inhalte beinhalten (z. B. Videos, Bilder, Beiträge etc.). Eingebettete Inhalte von anderen Websites verhalten sich exakt so, als ob der Besucher die andere Website besucht hätte. Diese Websites können Daten über dich sammeln, Cookies benutzen, zusätzliche Tracking-Dienste von Dritten einbetten und deine Interaktion mit diesem eingebetteten Inhalt aufzeichnen, inklusive deiner Interaktion mit dem eingebetteten Inhalt, falls du ein Konto hast und auf dieser Website angemeldet bist.<br />Analysedienste und mit wem wir deine Daten teilen: Diese Webseite nutzt den Akismet Anti-Spam Service. Dieser Service sammelt und analysiert die IP-Adresse des Benutzers, den User Agent, Referrer und Website-URL (sowie die Informationen, die der Benutzer direkt eingegeben hat wie z.B. Namen, Benutzernamen, E-Mail-Adresse und den Kommentar selbst). Diese Webseite nutzt den Jetpack Service von Automaticc (https://automattic.com/privacy/). Dieser Service sammelt und analysiert folgende personenbezogene Daten:<br />-Benutzer-IDs, Benutzernamen, E-Mail-Adresse, Benutzerrollen und -rechte von registrierten Nutzern. Erfolgreiche und nicht erfolgreiche Versuche eines Logins (IP-Adresse und user agent derjenigen, die den Login-Versuch durchführen).<br />-Benutzer-IDs von jedem Anwender, der Änderungen an dieser Webseite durchführt inklusive des Zeitstempels der Änderung. Details können unter Privacy Policy – Automattic eingesehen werden.<br />Diese Webseite nutzt das WP Google Maps Plugin. Dieses Plugin speichert keinerlei personenbezogene Daten von Besuchern der Webseite. Marker, die Besucher auf der Karte freiwillig angelegt haben, können von diesen jederzeit wieder gelöscht werden. Details können unter Privacy Policy | WP Google Maps (wpgmaps.com) (https://www.wpgmaps.com/privacy-policy/) eingesehen werden.</p>



<h2 class="wp-block-heading">E-Mail-Kontakt</h2>



<p>Bei der Kontaktaufnahme mit uns per E-Mail werden die von Ihnen mitgeteilten Daten (Email-Adresse, weitere von Ihnen gemachte Angaben) von uns verarbeitet und gespeichert, um ihre Fragen zu beantworten.</p>



<h2 class="wp-block-heading">Rechte der betroffenen Person</h2>



<p>Werden personenbezogene Daten von Ihnen verarbeitet, sind Sie Betroffener i.S.d. DSGVO und es stehen Ihnen folgende Rechte gegenüber dem Verantwortlichen zu: Sie können eine Bestätigung darüber verlangen, ob personenbezogene Daten, die Sie betreffen, verarbeitet werden. Falls eine solche Verarbeitung vorliegt, können Sie Auskunft über den Zweck, die Daten, die Herkunft der Daten, Empfänger von Daten (inkl. internationaler Weitergaben) sowie Dauer der Speicherung erhalten. Sie haben ein Recht auf Berichtigung der Daten, falls diese unrichtig oder unvollständig sind. Unter verschiedenen Voraussetzungen haben Sie das Recht die Daten löschen zu lassen oder die Verarbeitung einzuschränken. Insbesondere Daten, die Sie freiwillig angegeben haben, müssen gelöscht werden, wenn Sie ihre Einwilligung zurückziehen. Falls Daten weitergegeben wurden bezieht sich die Löschung auch auf die Empfänger von Daten und wir werden Ihnen die Empfänger Ihrer Daten mitteilen.</p>



<h2 class="wp-block-heading">Inhaltliche Verantwortlichkeit</h2>



<p>Dr. Jörg Neidig<br />Lindenaststr. 15<br />90409 Nürnberg<br />mail@joerg-neidig.de</p>

<p>Allgemeines zur Datenverarbeitung Umfang der Verarbeitung personenbezogener Daten Wir verarbeiten personenbezogene Daten unserer Nutzer grundsätzlich nur, soweit dies zur Bereitstellung einer funktionsfähigen Website sowie unserer Inhalte und Leistungen erforderlich ist. Die Verarbeitung personenbezogener Daten unserer Nutzer erfolgt regelmäßig nur nach Einwilligung des Nutzers. Eine Ausnahme gilt in solchen Fällen, in denen eine vorherige Einholung einer &hellip; </p>
<p class="link-more"><a href="https://www.joerg-neidig.de/wordpress/?page_id=1397" class="more-link"><span class="screen-reader-text">„Datenschutzerklärung (Privacy Policy)“ </span>weiterlesen</a></p>
